uppose 1734 = 37*b - 3*b. Suppose -u + 199 = -b. List the prime factors of u.
2, 5
Let z = -1 - -4. Suppose 448 = i + z*d, 3 = d - 2*d. List the prime factors of i.
457
Suppose 3*h = -19 + 34. Suppose 0 = -2*y + 2, -4*k + 3*y = -k - 9. Suppose -5*m = -h*f + 305, -21 = -2*f + k*m + 107. List the prime factors of f.
2, 29
Let u be 51 - ((-8)/(-2) - 8). Let o = u + -45. Suppose o*f - 491 = 569. List the prime factors of f.
2, 53
Suppose -5*n + 518 = -4*o, -251 = -5*n - o + 282. Let q = n - -106. What are the prime factors of q?
2, 53
Let x(h) = 5397*h**3 - 11*h**2 + 18*h + 3. What are the prime factors of x(2)?
23, 1877
Let k = -6 + 0. Let p(x) = -4*x - 464*x**3 + 230*x**3 - 5*x**2 + 233*x**3 + 12. List the prime factors of p(k).
2, 3
Let a = -9989 + 26731. List the prime factors of a.
2, 11, 761
Let o be (3/21*-2)/((-5)/70). Suppose o*z - z - 1116 = 0. What are the prime factors of z?
2, 3, 31
Suppose -4*h - 1045*k + 1050*k = -202855, k = 5*h - 253553. List the prime factors of h.
2, 5, 11, 461
Let z be 2/(-7) + (-4784)/(-182). Suppose -28*d = -z*d - 136. Suppose 194 = d*g - 66*g. What are the prime factors of g?
97
Suppose 12 = 5*v - 18. Let u(r) = 2*r**3 - 9*r**2 + 8*r + 5. Let c be u(v). Let x = c + -60. List the prime factors of x.
101
Let g(j) = -2*j**2 + 87*j + 68. Let s be g(44). Suppose 0 = d - 33 - 18. Let q = s + d. List the prime factors of q.
3, 5
What are the prime factors of (15 - 7 - -1432) + -5?
5, 7, 41
Let w = -62 - -51. Let s(u) = u - 18. Let h be s(w). Let m = h - -111. What are the prime factors of m?
2, 41
Let r be -265*(168/(-30) + 5). Suppose -l = -4*l + 3*s + r, -3*l + s = -165. What are the prime factors of l?
2, 7
Let f be -1 - 8 - (1 + -4). Let x = 127 + -133. List the prime factors of (9/x*(-332)/f)/(-1).
83
Suppose 0 = 3*d - 7*d - 360. Let v = 92 + d. Suppose -3*r + 3*u + 546 = 0, r - 913 = -4*r + v*u. What are the prime factors of r?
3, 61
Let w = 25954 + -7235. What are the prime factors of w?
18719
Let n be 1/((-5)/(-3)) + (-72)/(-30). Suppose -4*c + 4767 = n*c. What are the prime factors of c?
3, 227
Suppose -66*p + 43*p + 4393 = 0. Let w(s) = -s**3 + s + 5. Let c be w(0). Suppose -k - 2*f - 374 = -5*k, -2*k = -c*f - p. List the prime factors of k.
3, 31
Let m(b) = 162*b**2 + 2*b + 1. Let k be m(-1). Suppose 5*f = 2*c + k, 4*c + 57 = 5*f - 290. Let n = 229 + c. List the prime factors of n.
2, 17
Let g(b) = 218*b**2 + 3*b - 5 + 156*b**2 + b. List the prime factors of g(1).
373
Let z(s) = -12*s**2 + 3*s - 4. Let j be z(3). Let u be 280/210 - 1990/(-6). Let p = u + j. What are the prime factors of p?
2, 5, 23
Let g(o) = o**3 + 7*o**2 + 5*o - 8. Let a be g(-6). Let b be (-135)/(-2) - 1/a. Let f = 82 - b. What are the prime factors of f?
2, 7
Suppose b + f = 434, 4*b + 15*f - 14*f = 1748. Let u = b + -194. List the prime factors of u.
2, 61
List the prime factors of (2/9)/((-14)/(-197694)).
2, 3, 523
Let p(q) = -2*q**2 + 9*q - 1. Let i be p(-7). Let b(h) = 2*h**3 - 44*h**2 + 4*h + 243. Let m be b(22). Let k = m + i. List the prime factors of k.
13
Suppose 2*z - 3*u = -z + 21, u - 3 = 0. Suppose 15 = -5*w - z. Let l(q) = q**3 + 6*q**2 - 2*q - 11. List the prime factors of l(w).
2, 3
Let a = 1177 + 2764. What are the prime factors of a?
7, 563
Let o(n) = -246*n**3 - 2*n**2 + 2. Let m be o(-1). Let a = 145 + m. List the prime factors of a.
17, 23
Let z(o) = -o**2 + 5*o + 26. Let s be z(5). What are the prime factors of (-1291)/(-2) - (8 + (-195)/s)?
3, 5, 43
Let r = 47903 + 20690. List the prime factors of r.
7, 41, 239
Suppose 30*y - 7206 = 122754. What are the prime factors of y?
2, 3, 19
Suppose 7*z + 0*t = 3*t + 44, -5*t - 15 = 0. Suppose -s + 2466 = 2*p, 4*p - z*s = 1919 + 2999. What are the prime factors of p?
2, 7, 11
Let m = 245 + -245. Suppose -3*h + 1857 - 24 = m. What are the prime factors of h?
13, 47
Let i(f) = -2*f**2 + 83*f + 1038. What are the prime factors of i(0)?
2, 3, 173
Suppose -38 = 2*f - g, 4*g + 9 = -f + 2*g. Let l(b) = 3*b**2 + 35*b - 32. List the prime factors of l(f).
2, 3, 5
Let h(o) = -2*o**3 + 3*o**2 + 13*o + 39. Let r(q) = q**3 - 4 - 11*q**2 - 16 + 1 + 9*q**2 - 6*q. Let a(j) = 4*h(j) + 9*r(j). What are the prime factors of a(7)?
2, 5
Let u(w) = 5*w**2 + 15*w - 14. Let q(z) = 5*z + 32. Let d be q(-5). List the prime factors of u(d).
2, 3, 7
Suppose 0 = 36*o - 25*o - 3608. Suppose -5*d = u - o, u + 3*u + 2*d = 1240. List the prime factors of u.
2, 7, 11
Let s = -2983 - -2985. Let a be ((-87)/(-2) + -1)*2. Suppose -d = s*z - a, -d = 3*d + 3*z - 345. List the prime factors of d.
3, 29
Suppose 3*o - 28 = -4*j, 5*o + 8*j - 24 = 7*j. What are the prime factors of -2 + (241 - (o - 4))?
239
Suppose -5*i + 36 = -19. Suppose 14*p + 51 = i*p. Let x = 30 + p. What are the prime factors of x?
13
Suppose -12*o + 8*o = 5*l - 49928, 4*l = 4*o - 49964. What are the prime factors of o?
12487
Let g(s) = -s + 98. Let i(b) be the second derivative of 33*b**2/2 - 22*b. Let q(d) = 4*g(d) - 11*i(d). List the prime factors of q(-6).
53
What are the prime factors of (36/(-120))/(2/20) - -10468?
5, 7, 13, 23
Let o(t) = 53*t - 48*t**2 + 16*t**2 - 10 + 28*t**2 + 24*t**2. List the prime factors of o(-9).
11, 103
Suppose 37*p - 497985 = -103*p + 454995. What are the prime factors of p?
3, 2269
Let t be (0/(-1) - 0/(-1)) + -1. Let x be t + (-42)/(-54) + (-68)/18. List the prime factors of x/20*-2 + 158/5.
2
Suppose -162 = -5*n - 4*n. Let f = -16 + n. Suppose 0 = f*v - 4*v + 50. What are the prime factors of v?
5
Let w = 32255 - 16187. What are the prime factors of w?
2, 3, 13, 103
Let x = 39 + -39. Suppose -5*w + 206 + 149 = x. Suppose 0 = 4*q + c - 42 - 125, -3*c + w = 2*q. List the prime factors of q.
43
Let l = -402 + 409. List the prime factors of 5771/l + 172/301.
3, 5, 11
Let q = -37 - -31. What are the prime factors of (1 - 871)/q - -2?
3, 7
Let p be (0/7)/(-3) + -3. Let m(q) = -15*q**3 - 4*q - 5. What are the prime factors of m(p)?
2, 103
Let n(d) = -d**3 - d**2 + 4*d - 6. Let w be n(-3). Let t be w - (-5)/(20/19 + -1). Suppose 0 = -z + r + 97, z + 2*r - t = r. What are the prime factors of z?
2, 3
Let u(y) = -409*y + 40. Let k be u(-4). Suppose c = 1, -64*c = -2*z - 68*c + k. List the prime factors of z.
2, 11, 19
Let d(x) = 380*x**3 + x**2 - x - 1. Suppose -36*g + 2 = -34*g. List the prime factors of d(g).
379
Let s = 14 - 12. Suppose s*d - z + 27 - 101 = 0, -5*d + 176 = 2*z. Let u = 147 - d. List the prime factors of u.
3, 37
Let a = 3078 - -4024. What are the prime factors of a?
2, 53, 67
Let v = 259 + -259. Suppose 155*x - 159*x + 2836 = v. What are the prime factors of x?
709
Suppose 0 = -16*g + 14*g + 4*u + 108664, -54296 = -g - 4*u. List the prime factors of g.
2, 5, 7, 97
Suppose -17*a + 12290 = 1189. Let z = -619 + a. List the prime factors of z.
2, 17
List the prime factors of -1 + 25/(1500/(-24))*-18745.
3, 7, 17
Let l(w) be the first derivative of -w**4/6 - 17*w**3/6 + 7*w**2 - 21*w - 7. Let g(f) be the first derivative of l(f). List the prime factors of g(-9).
5
Suppose 2*r - 5*s - 19 - 57 = 0, -3*s = 6. Let y = 37 - r. Suppose -2*g - 120 = -2*t, -y*t - 3*g + 168 = -t. What are the prime factors of t?
2, 29
Let v be 4/7 + (-193644)/(-252). Let m = v - 81. What are the prime factors of m?
2, 43
Let c = -205 - -229. Let g(j) = 28*j**2 - 2*j + 4. Let h be g(3). List the prime factors of c/(-30)*(h/4)/(-1).
2, 5
Let f = 437 - 435. What are the prime factors of f*119/(-14)*-38?
2, 17, 19
Let u(c) = -323*c - 4508. List the prime factors of u(-102).
2, 59, 241
Suppose a - 8 = 2*c - 35, 3*c - 2*a = 43. Suppose -10*m - c*m = -19089. List the prime factors of m.
3, 101
Let n = -124 + 208. Suppose -195 - n = -9*a. What are the prime factors of a?
31
Let a = 10161 - 5994. List the prime factors of a.
3, 463
Let a(q) = q**2 + 9*q + 5. Let j be 1457/(-155) + (-4)/(-10). Let x be a(j). Suppose x*o - 245 = -3*w + 112, -4*o = 12. What are the prime factors of w?
2, 31
Let q be -2 - (24/16 + 3369/(-2)). Suppose 5*r - 294 - q = 0. List the prime factors of r.
5, 79
Suppose -3*j - 35 = 2*s, 4*j = 2*s + 2*s + 20. Let o be s/60 + 185/(-6). Let z = -15 - o. What are the prime factors of z?
2
Let m be (0/(-3))/((-4)/12*3). Suppose m = 6*v - 23 - 67. What are the prime factors of -85*(0 - 18/v)?
2, 3, 17
Suppose -276 =